2167783?
6
What is the hundreds digit of 5460362?
3
What is the tens digit of 29513?
1
What is the hundred thousands digit of 2086218?
0
What is the tens digit of 31590?
9
What is the tens digit of 2208451?
5
What is the ten millions digit of 11678175?
1
What is the tens digit of 67188?
8
What is the hundred thousands digit of 1924689?
9
What is the units digit of 2724658?
8
What is the hundreds digit of 84285?
2
What is the thousands digit of 155158?
5
What is the hundred thousands digit of 268027?
2
What is the tens digit of 394149?
4
What is the units digit of 16920164?
4
What is the ten millions digit of 15355214?
1
What is the ten thousands digit of 8198598?
9
What is the tens digit of 2304986?
8
What is the tens digit of 1389849?
4
What is the hundred thousands digit of 680719?
6
What is the hundred thousands digit of 152650?
1
What is the thousands digit of 225220?
5
What is the ten thousands digit of 4227596?
2
What is the tens digit of 192643?
4
What is the hundred thousands digit of 6556958?
5
What is the tens digit of 96171?
7
What is the units digit of 51708?
8
What is the tens digit of 1627623?
2
What is the thousands digit of 480808?
0
What is the tens digit of 1857828?
2
What is the hundreds digit of 6679215?
2
What is the thousands digit of 1499428?
9
What is the ten thousands digit of 810934?
1
What is the hundred thousands digit of 6367133?
3
What is the millions digit of 3003432?
3
What is the hundred thousands digit of 147617?
1
What is the ten thousands digit of 187532?
8
What is the ten millions digit of 18013763?
1
What is the units digit of 3158507?
7
What is the tens digit of 254892?
9
What is the units digit of 108102?
2
What is the tens digit of 5187900?
0
What is the millions digit of 1978032?
1
What is the units digit of 180477?
7
What is the thousands digit of 296982?
6
What is the ten thousands digit of 499854?
9
What is the hundred thousands digit of 1418983?
4
What is the units digit of 1642721?
1
What is the ten thousands digit of 155604?
5
What is the units digit of 23076578?
8
What is the hundreds digit of 3279920?
9
What is the thousands digit of 279062?
9
What is the tens digit of 17585925?
2
What is the ten thousands digit of 668914?
6
What is the millions digit of 2952241?
2
What is the tens digit of 13438163?
6
What is the hundred thousands digit of 1731258?
7
What is the units digit of 23083198?
8
What is the ten thousands digit of 2817466?
1
What is the hundred thousands digit of 4495241?
4
What is the thousands digit of 2335616?
5
What is the ten thousands digit of 4405397?
0
What is the units digit of 1744?
4
What is the tens digit of 198565?
6
What is the tens digit of 4417840?
4
What is the units digit of 39324?
4
What is the ten thousands digit of 1842992?
4
What is the ten thousands digit of 893952?
9
What is the millions digit of 22592184?
2
What is the ten thousands digit of 19211694?
1
What is the units digit of 2205598?
8
What is the ten thousands digit of 991940?
9
What is the hundred thousands digit of 1039826?
0
What is the units digit of 47638?
8
What is the hundred thousands digit of 610054?
6
What is the units digit of 293725?
5
What is the ten millions digit of 25433492?
2
What is the tens digit of 607750?
5
What is the thousands digit of 82485?
2
What is the units digit of 4864126?
6
What is the ten thousands digit of 2721951?
2
What is the ten millions digit of 11206481?
1
What is the hundred thousands digit of 13133444?
1
What is the units digit of 22581?
1
What is the ten thousands digit of 572393?
7
What is the tens digit of 17117110?
1
What is the hundreds digit of 327966?
9
What is the hundreds digit of 20303?
3
What is the units digit of 267616?
6
What is the units digit of 22519778?
8
What is the hundreds digit of 13164490?
4
What is the hundred thousands digit of 3778396?
7
What is the units digit of 2929325?
5
What is the units digit of 1323029?
9
What is the ten thousands digit of 35679056?
7
What is the hundreds digit of 3688032?
0
What is the units digit of 496593?
3
What is the units digit of 136632?
2
What is the tens digit of 280600?
0
What is the hundreds digit of 2494056?
0
What is the hundred thousands digit of 1401758?
4
What is the thousands digit of 354376?
4
What is the hundred thousands digit of 9574883?
5
What is the tens digit of 120948?
4
What is the tens digit of 11215825?
2
What is the millions digit of 1838061?
1
What is the ten thousands digit of 482263?
8
What is the ten thousands digit of 242142?
4
What is the ten thousands digit of 2311726?
1
What is the hundred thousands digit of 6766841?
7
What is the ten thousands digit of 2544262?
4
What is the units digit of 2800985?
5
What is the hundreds digit of 551214?
2
What is the ten thousands digit of 561894?
6
What is the units digit of 546560?
0
What is the tens digit of 597678?
7
What is the tens digit of 2980793?
9
What is the thousands digit of 1627610?
7
What is the units digit of 352493?
3
What is the tens digit of 396952?
5
What is the hundreds digit of 1310927?
9
What is the ten thousands digit of 266571?
6
What is the units digit of 374210?
0
What is the tens digit of 36712?
1
What is the millions digit of 42795585?
2
What is the hundred thousands digit of 143885?
1
What is the units digit of 661989?
9
What is the thousands digit of 183385?
3
What is the units digit of 2854193?
3
What is the tens digit of 327820?
2
What is the units digit of 161867?
7
What is the millions digit of 7068594?
7
What is the thousands digit of 91260?
1
What is the hundred thousands digit of 720893?
7
What is the hundred thousands digit of 2670676?
6
What is the hundreds digit of 4327024?
0
What is the hundred thousands digit of 2073441?
0
What is the millions digit of 1149893?
1
What is the millions digit of 5713404?
5
What is the units digit of 95349?
9
What is the thousands digit of 139787?
9
What is the tens digit of 26707?
0
What is the hundreds digit of 6692646?
6
What is the tens digit of 2641828?
2
What is the ten thousands digit of 8125512?
2
What is the ten thousands digit of 11690?
1
What is the hundreds digit of 4018001?
0
What is the tens digit of 563530?
3
What is the thousands digit of 7192773?
2
What is the tens digit of 1413721?
2
What is the units digit of 1179308?
8
What is the units digit of 2828427?
7
What is the hundred thousands digit of 166106?
1
What is the units digit of 7806289?
9
What is the hundreds digit of 322521?
5
What is the units digit of 833852?
2
What is the thousands digit of 1397914?
7
What is the ten thousands digit of 1106339?
0
What is the hundreds digit of 15297721?
7
What is the hundreds digit of 154481?
4
What is the units digit of 2634936?
6
What is the units digit of 123609?
9
What is the thousands digit of 608693?
8
What is the units digit of 193457?
7
What is the thousands digit of 290012?
0
What is the hundred thousands digit of 3487189?
4
What is the ten thousands digit of 493264?
9
What is the tens digit of 24831810?
1
What is the hundreds digit of 5618701?
7
What is the ten millions digit of 11808911?
1
What is the ten thousands digit of 11930090?
3
What is the millions digit of 5252330?
5
What is the ten thousands digit of 1341548?
4
What is the hundred thousands digit of 4211392?
2
What is the ten thousands digit of 27467?
2
What is the units digit of 6742603?
3
What is the thousands digit of 637859?
7
What is the millions digit of 30312866?
0
What is the ten thousands digit of 10001?
1
What is the hundred thousands digit of 235519?
2
What is the hundred thousands digit of 366389?
3
What is the thousands digit of 338927?
8
What is the hundred thousands digit of 254976?
2
What is the units digit of 2259609?
9
What is the tens digit of 538616?
1
What is the units digit of 1253801?
1
What is the units digit of 748520?
0
What is the tens digit of 212708?
0
What is the hundred thousands digit of 15485075?
4
What is the units digit of 4044220?
0
What is the hundreds digit of 18645?
6
What is the units digit of 636014?
4
What is the millions digit of 3108278?
3
What is the thousands digit of 427601?
7
What is the thousands digit of 4345126?
5
What is the units digit of 26011244?
4
What is the tens digit of 2545616?
1
What is the ten thousands digit of 5495727?
9
Wh